be m(0). Let x(u) = 8*u - 4 - 10 - u**2 + 5. Let s be x(j). What is the greatest common divisor of s and 1?
1
Let s be (5 - -1 - 3) + 0. Suppose -2*i + 5*i = -4*c + 130, -s*i - 40 = -c. What is the greatest common factor of c and 136?
34
Let z(h) = -6*h + 9. Let j be z(-4). Let f = -32 + j. Calculate the greatest common divisor of f and 1.
1
Suppose -66 - 214 = -5*y. Suppose -3*i - y = -221. What is the highest common divisor of 110 and i?
55
Let k be 57/(1 - -1 - 1). Let s(u) = -25*u - 306. Let v be s(-13). What is the highest common factor of v and k?
19
Suppose -15*p + 2656 + 12419 = 0. What is the highest common factor of 15 and p?
15
Suppose 3*s = -4*z + 106, s + s = -2*z + 70. Let v(w) = -3*w**2 + 23*w - 8. Let c be v(3). What is the greatest common divisor of c and s?
34
Suppose -4*u + 2*u = -12. Suppose -20*r = -3*r - 510. Calculate the highest common factor of r and u.
6
Suppose -3*d + 4*d = 4. Suppose -2*w = -3*x - 165, d*w - 355 = 2*x - x. Let c be (8/(-14))/((-6)/105). What is the highest common factor of c and w?
10
Let z(j) = -33*j**3 - 2*j**2 + 2*j + 4. Let q be z(-2). Calculate the greatest common factor of 32 and q.
32
Suppose 147 = -g + 453. What is the highest common factor of 34 and g?
34
Let m = 2851 + -1843. What is the greatest common factor of 224 and m?
112
Let x be (22 - 19) + (20 - 3). Let o(p) = -p**2 - 5*p + 6. Let a be o(-8). Let r = a + 68. Calculate the greatest common divisor of r and x.
10
Let y(j) = -j**3 + j + 28. Let b be y(0). Let t be 16 - -1*(-3 - -1). Suppose 0 = -5*f, -3*f - t = -2*l - 0*f. Calculate the greatest common divisor of b and l.
7
Suppose -14*c = 17*c - 279. What is the greatest common divisor of 1134 and c?
9
Let u(m) = 0*m + 6*m + 1 + m**2 + 5. Let b be u(-6). Let s be (59 + -33)/130 + 836/20. Calculate the greatest common divisor of b and s.
6
Let f be (245 - 3) + 2 + 4 + -1. Let b = -153 + f. What is the greatest common divisor of b and 235?
47
Let o be (-182)/(-3)*(-1 + 4). Let u be 31 - ((-8)/12)/(18/(-135)). What is the greatest common divisor of u and o?
26
Let u = 207 - 311. Let v = 244 + u. Calculate the highest common divisor of 35 and v.
35
Suppose -40*m + 164 = -796. What is the highest common factor of m and 84?
12
Let w(m) = -m**3 + 10*m**2 + 11*m. Let b be ((-46)/8 + 3)*-4. Let p be w(b). Suppose p*h = 4*h - 100. Calculate the highest common divisor of 275 and h.
25
Suppose 0 = -50*x + 3632 + 5718. What is the highest common factor of 11 and x?
11
Suppose 4*r - 6*r + 1654 = l, 0 = -l - 2. Calculate the greatest common divisor of r and 9.
9
Let n be (-18*6/(-8))/((-1)/(-98)). Calculate the highest common divisor of n and 27.
27
Let x(z) = -z**2 - 11*z + 27. Let q be x(-12). Let t be (-3 + 1)*(-5)/2. Let w be (-673)/(-5) + 2/t. What is the greatest common factor of w and q?
15
Let h(f) = -2*f - 8. Let m be h(-7). Suppose 7*k - 3 = m*k. Suppose 0 = a - 4*d - 6, k*d + 23 = 3*a - 22. What is the greatest common divisor of 27 and a?
9
Let m be ((-6)/(-2))/((-9)/(-84)). Let v be (3/4)/(7/m). Suppose j - 3*d = -11, -d = -5*j + v*j + 3. What is the greatest common divisor of j and 4?
4
Suppose -8*c + 40*c - 8832 = 0. Calculate the greatest common divisor of 12 and c.
12
Let f(q) be the first derivative of -q**3/3 - 4*q**2 - 9*q - 1. Let x be f(-6). Let p be (-94)/(-4) - x/6. What is the highest common divisor of 161 and p?
23
Let d be (-46 + 6)/20 + (1 - -132). Calculate the greatest common divisor of d and 1.
1
Let c = 9 + -6. Suppose c*t - 5*t = -4. Let r be -3 - ((-2)/t - 16). What is the highest common factor of 126 and r?
14
Let a(r) = -r**2 + 12*r + 9. Let t be a(11). Let p = -11 + t. Let y be p/(1/(0 + 3)). What is the highest common factor of y and 9?
9
Let r be (-3)/9 - (-80)/6. Let d be (10/(-4))/(9/(-1602)). Suppose 5*n + 120 - d = 0. Calculate the greatest common factor of r and n.
13
Let g = -687 + 711. What is the greatest common divisor of g and 232?
8
Let o = 12 + -12. Suppose o*r - r = -26. Let b = 38 - r. Calculate the greatest common factor of b and 48.
12
Suppose 76 + 68 = 4*z. Let d(t) = -13 - 17*t + 3 - 2. Let v be d(-6). Calculate the highest common divisor of z and v.
18
Suppose 0 = -1197*k + 1217*k - 300. What is the highest common divisor of k and 2715?
15
Suppose -20*f - 10*f = -90. Calculate the highest common factor of f and 219.
3
Suppose 0 = -7*r + 8*r - 3*r. Let b be 1 + r + (3 - -78). What is the highest common factor of b and 123?
41
Let z(v) = -3*v + 77. Let y be z(17). Calculate the greatest common divisor of 117 and y.
13
Let h(c) = 12*c**2 + 2*c + 3. Let y be h(2). Let o be 2/6 + 182/39. What is the greatest common divisor of y and o?
5
Let k = -66 - -64. Let f be (1 + 109)*(k - (-48)/20). Calculate the highest common factor of f and 11.
11
Suppose -3*b + 104 = 11. Let u = 17 + b. Suppose -w + 25 = -7. What is the highest common factor of w and u?
16
Let r(p) = -3*p + 2. Let h be r(-6). Let y be -20*((-30)/22 - (-184)/506). Calculate the highest common divisor of h and y.
20
Let h(m) be the second derivative of -m**4/12 + 23*m**3/6 + 15*m**2 + 21*m. Let x be h(21). Calculate the highest common factor of x and 18.
18
Suppose 2*v - 750 = 950. What is the greatest common factor of v and 100?
50
Suppose 12 = d - 3*o - 15, -4*d + 2*o + 98 = 0. What is the greatest common divisor of 60 and d?
12
Let y = -19 - -41. Let w = 12 + -2. Let m be w/6 + (-2)/(-6). Calculate the greatest common divisor of m and y.
2
Let l(h) = h**3 - 8*h**2 + 13*h + 3. Let i be l(7). What is the highest common factor of 30 and i?
15
Suppose 0*f + 9 = -3*f, -4*g - f = -729. What is the greatest common divisor of 122 and g?
61
Let r(l) = l + 2. Let h be r(0). Suppose h*y + 1106 = 6*y - 3*i, -552 = -2*y + i. Calculate the greatest common divisor of 25 and y.
25
Let l = 2175 + -2076. Suppose 4*w - 249 = 3*o, -3*w + 0*w + 5*o = -173. What is the greatest common factor of w and l?
33
Let z = -46 - -24. Let g be 371/9 + z/99 - -3. Calculate the highest common divisor of g and 132.
44
Let v = 14 + -2. Suppose 5*z - 183 = 5*p - 668, 3*z = -p + 101. Suppose -4*f + 3*n = -45 - 45, 4*f = -n + p. What is the highest common factor of v and f?
12
Let n(k) = k**3 - 5*k + 325. Let q be n(0). What is the greatest common divisor of q and 50?
25
Suppose -14*w + 400 + 848 = 240. Let z(l) = l**2 - 5*l + 4. Let r be z(-5). What is the greatest common divisor of w and r?
18
Let j be (-2)/(-10) + 22/(-10). Let n be ((-2)/j)/((-3)/(-51)). What is the highest common factor of 17 and n?
17
Let p be (-24)/(-10) - (-3)/5. Suppose -p*n + 71 = -2*b, 4*b + n + 151 = -2*n. Let g = -20 - b. What is the greatest common divisor of g and 119?
17
Suppose z = -2*p + 11, -3*p + 28 = p - 4*z. Calculate the greatest common divisor of p and 111.
3
Let h(c) = -3*c**3 + c**2 - 1. Let k be h(1). Let u(z) = 40*z**2 - z - 11. Let j be u(k). Calculate the greatest common divisor of j and 44.
44
Let c = 196 + -153. Calculate the highest common factor of 344 and c.
43
Let g be 72/14*(-658)/(-141). What is the greatest common divisor of g and 32?
8
Let x(d) = 4*d**3 - 3*d**2 + d + 3. Let b be x(4). Let o be (11/(385/28))/((-8)/(-860)). Calculate the highest common factor of b and o.
43
Let p(k) = -k + 5. Let o be p(7). Let s = o + 26. What is the greatest common factor of s and 24?
24
Let o = 46 + -57. Let b = 36 + o. What is the highest common divisor of b and 10?
5
Suppose q - 7 = 4. Suppose 4*b - 9*j + 21 = -4*j, -5*b + j = 0. Calculate the highest common factor of b and q.
1
Suppose -13*u = -144 - 129. Let l(g) = g**2 - 8*g + 13. Let w be l(7). Calculate the greatest common divisor of w and u.
3
Suppose 7*v = 4*v + 1206. Suppose -v - 698 = -5*b. Let n(y) = y**3 + 8*y**2 - 11*y + 2. Let t be n(-9). What is the highest common factor of t and b?
20
Suppose -2*w = 3*v - 83, 2*w = 4*v + 24 + 52. Calculate the greatest common factor of w and 56.
8
Let j(f) = 8*f - 2. Let w be j(2). Let v(s) = 3*s + 13. Let m be v(12). Let o = 175 - m. Calculate the highest common divisor of o and w.
14
Let b = 92 + -78. Suppose -b - 119 = -n + 2*i, -i = 3*n - 399. What is the greatest common factor of 19 and n?
19
Suppose -3*z = 2*u - 7, -2*u - 3*u + 4*z + 6 = 0. Calculate the highest common divisor of u and 11.
1
Suppose 3*b = -b + 128. Suppos